{"id":23,"date":"2017-10-18T18:10:48","date_gmt":"2017-10-18T17:10:48","guid":{"rendered":"http:\/\/parafiakostow.pl\/?page_id=23"},"modified":"2026-04-12T07:03:53","modified_gmt":"2026-04-12T06:03:53","slug":"ogloszenia","status":"publish","type":"page","link":"http:\/\/parafiakostow.pl\/?page_id=23","title":{"rendered":"OG\u0141OSZENIA DUSZPASTERSKIE \u00a0"},"content":{"rendered":"\n<p><strong>Wa\u017cne wydarzenia w nadchodz\u0105cym czasie:<\/strong><\/p>\n\n\n\n<ul class=\"wp-block-list\">\n<li><strong>12 kwietnia<\/strong> \u2013 \u015awi\u0119to Mi\u0142osierdzia Bo\u017cego oraz \u015awi\u0119to Caritas<\/li>\n\n\n\n<li><strong>12\u201318 kwietnia<\/strong> \u2013 82. Tydzie\u0144 Mi\u0142osierdzia<\/li>\n\n\n\n<li><strong>14 kwietnia<\/strong> \u2013 \u015awi\u0119to Chrztu Polski (1060. rocznica)<\/li>\n\n\n\n<li><strong>19 kwietnia<\/strong> \u2013 pocz\u0105tek 18. Og\u00f3lnopolskiego Tygodnia Biblijnego<\/li>\n\n\n\n<li>Modlitwa do \u015bw. J\u00f3zefa w parafii i w rodzinach<\/li>\n<\/ul>\n\n\n\n<p><strong>Og\u0142oszenia parafialne:<\/strong><\/p>\n\n\n\n<p><strong>1. Uroczysto\u015b\u0107 Mi\u0142osierdzia Bo\u017cego<\/strong><br>Dzi\u015b o godz. <strong>18:00<\/strong> odb\u0119dzie si\u0119 wyj\u0105tkowe wydarzenie w naszej parafii.<br>B\u0119dziemy go\u015bci\u0107 ksi\u0119dza biskupa \u0141ukasza Buzuna, kt\u00f3ry dokona po\u015bwi\u0119cenia nowego miejsca \u2013 <strong>\u201e\u0179r\u00f3d\u0142a Mi\u0142osierdzia\u201d<\/strong>.<\/p>\n\n\n\n<p>Po\u015bwi\u0119cone zostan\u0105:<\/p>\n\n\n\n<ul class=\"wp-block-list\">\n<li>kapliczka Jezusa Mi\u0142osiernego<\/li>\n\n\n\n<li>studnia przebaczenia i pojednania<\/li>\n<\/ul>\n\n\n\n<p>Niech to miejsce stanie si\u0119 przestrzeni\u0105 modlitwy, duchowej odnowy oraz pojednania z Bogiem i lud\u017ami. Chrystus zaprasza nas do wolno\u015bci serca i \u017cycia w \u015bwietle Jego mi\u0142osierdzia.<\/p>\n\n\n\n<p><strong>2. \u015awi\u0119to Caritas<\/strong><br>Dzisiejsza Niedziela Mi\u0142osierdzia to r\u00f3wnie\u017c \u015awi\u0119to Caritas.<br>Po Mszach \u015awi\u0119tych przeprowadzona b\u0119dzie <strong>zbi\u00f3rka do puszek na rzecz os\u00f3b ubogich<\/strong>.<\/p>\n\n\n\n<p><strong>3. Zbi\u00f3rka elektroodpad\u00f3w<\/strong><br>W dniu <strong>17 kwietnia o godz. 9:00<\/strong> odb\u0119dzie si\u0119 zbi\u00f3rka zu\u017cytego sprz\u0119tu elektrycznego i elektronicznego.<\/p>\n\n\n\n<p><strong>Podzi\u0119kowanie<\/strong><\/p>\n\n\n\n<p>Pragn\u0119 bardzo, bardzo serdecznie podzi\u0119kowa\u0107 wszystkim, kt\u00f3rzy przyczynili si\u0119 do powstania \u201e\u0179r\u00f3d\u0142a Mi\u0142osierdzia\u201d \u2013<br>za wszelk\u0105 <strong>ofiarno\u015b\u0107<\/strong>, <strong>w\u0142o\u017con\u0105 prac\u0119<\/strong> oraz <strong>modlitw\u0119<\/strong>.<\/p>\n\n\n\n<p>W spos\u00f3b szczeg\u00f3lny dzi\u0119kuj\u0119 za <strong>modlitw\u0119<\/strong>, bo to ona jest fundamentem ka\u017cdego dobra i najpi\u0119kniejszym darem, jaki mo\u017cemy ofiarowa\u0107 Bogu i drugiemu cz\u0142owiekowi.<\/p>\n\n\n\n<p>Niech Pan B\u00f3g wynagrodzi Wasz\u0105 dobro\u0107 i otwarte serca.<br><strong>Wszystko oddajemy Bogu \u2013 Ojcu Mi\u0142osiernemu.<\/strong><\/p>\n\n\n\n<p><strong>Podzi\u0119kowania i \u017cyczenia ko\u0144cowe<\/strong><\/p>\n\n\n\n<p>Serdecznie dzi\u0119kujemy za wszystkie ofiary sk\u0142adane na utrzymanie naszej parafii.<br>Niech Pan B\u00f3g wynagrodzi Wasz\u0105 hojno\u015b\u0107 swoim b\u0142ogos\u0142awie\u0144stwem.<\/p>\n\n\n\n<p>Solenizantom i jubilatom tego tygodnia, wszystkim go\u015bciom i parafianom \u017cyczymy:<br>pokoju serca, opieki Matki Bo\u017cej oraz wielu \u0142ask Bo\u017cych na ka\u017cdy dzie\u0144.<\/p>\n\n\n\n<p>Niech Pan prowadzi Was drogami wiary, nadziei i mi\u0142o\u015bci.<strong><u><\/u><\/strong><\/p>\n\n\n\n<figure class=\"wp-block-image size-large\"><img loading=\"lazy\" decoding=\"async\" width=\"769\" height=\"1024\" src=\"http:\/\/parafiakostow.pl\/wp-content\/uploads\/2026\/04\/WIELKANOC-ZYCZENI-769x1024.png\" alt=\"\" class=\"wp-image-3342\" srcset=\"http:\/\/parafiakostow.pl\/wp-content\/uploads\/2026\/04\/WIELKANOC-ZYCZENI-769x1024.png 769w, http:\/\/parafiakostow.pl\/wp-content\/uploads\/2026\/04\/WIELKANOC-ZYCZENI-225x300.png 225w, http:\/\/parafiakostow.pl\/wp-content\/uploads\/2026\/04\/WIELKANOC-ZYCZENI-768x1023.png 768w, http:\/\/parafiakostow.pl\/wp-content\/uploads\/2026\/04\/WIELKANOC-ZYCZENI.png 1086w\" sizes=\"auto, (max-width: 769px) 100vw, 769px\" \/><\/figure>\n\n\n\n<figure class=\"wp-block-image size-large\"><img loading=\"lazy\" decoding=\"async\" width=\"696\" height=\"1024\" src=\"http:\/\/parafiakostow.pl\/wp-content\/uploads\/2026\/04\/BP-DAMIAN-696x1024.jpg\" alt=\"\" class=\"wp-image-3344\" srcset=\"http:\/\/parafiakostow.pl\/wp-content\/uploads\/2026\/04\/BP-DAMIAN-696x1024.jpg 696w, http:\/\/parafiakostow.pl\/wp-content\/uploads\/2026\/04\/BP-DAMIAN-204x300.jpg 204w, http:\/\/parafiakostow.pl\/wp-content\/uploads\/2026\/04\/BP-DAMIAN-768x1130.jpg 768w, http:\/\/parafiakostow.pl\/wp-content\/uploads\/2026\/04\/BP-DAMIAN.jpg 980w\" sizes=\"auto, (max-width: 696px) 100vw, 696px\" \/><\/figure>\n\n\n\n<p class=\"has-text-align-center\"><\/p>\n\n\n\n<p><\/p>\n\n\n\n<figure class=\"wp-block-gallery has-nested-images columns-default is-cropped wp-block-gallery-1 is-layout-flex wp-block-gallery-is-layout-flex\">\n<figure data-wp-context=\"{&quot;imageId&quot;:&quot;69e26a6a1063c&quot;}\" data-wp-interactive=\"core\/image\" class=\"wp-block-image size-large wp-lightbox-container\"><img loading=\"lazy\" decoding=\"async\" width=\"724\" height=\"1024\" data-wp-class--hide=\"state.isContentHidden\" data-wp-class--show=\"state.isContentVisible\" data-wp-init=\"callbacks.setButtonStyles\" data-wp-on-async--click=\"actions.showLightbox\" data-wp-on-async--load=\"callbacks.setButtonStyles\" data-wp-on-async-window--resize=\"callbacks.setButtonStyles\" data-id=\"3114\" src=\"http:\/\/parafiakostow.pl\/wp-content\/uploads\/2025\/06\/misje-1-724x1024.jpg\" alt=\"\" class=\"wp-image-3114\" srcset=\"http:\/\/parafiakostow.pl\/wp-content\/uploads\/2025\/06\/misje-1-724x1024.jpg 724w, http:\/\/parafiakostow.pl\/wp-content\/uploads\/2025\/06\/misje-1-212x300.jpg 212w, http:\/\/parafiakostow.pl\/wp-content\/uploads\/2025\/06\/misje-1-768x1086.jpg 768w, http:\/\/parafiakostow.pl\/wp-content\/uploads\/2025\/06\/misje-1-1086x1536.jpg 1086w, http:\/\/parafiakostow.pl\/wp-content\/uploads\/2025\/06\/misje-1.jpg 1448w\" sizes=\"auto, (max-width: 724px) 100vw, 724px\" \/><button\n\t\t\tclass=\"lightbox-trigger\"\n\t\t\ttype=\"button\"\n\t\t\taria-haspopup=\"dialog\"\n\t\t\taria-label=\"Powi\u0119ksz\"\n\t\t\tdata-wp-init=\"callbacks.initTriggerButton\"\n\t\t\tdata-wp-on-async--click=\"actions.showLightbox\"\n\t\t\tdata-wp-style--right=\"state.imageButtonRight\"\n\t\t\tdata-wp-style--top=\"state.imageButtonTop\"\n\t\t>\n\t\t\t<svg xmlns=\"http:\/\/www.w3.org\/2000\/svg\" width=\"12\" height=\"12\" fill=\"none\" viewBox=\"0 0 12 12\">\n\t\t\t\t<path fill=\"#fff\" d=\"M2 0a2 2 0 0 0-2 2v2h1.5V2a.5.5 0 0 1 .5-.5h2V0H2Zm2 10.5H2a.5.5 0 0 1-.5-.5V8H0v2a2 2 0 0 0 2 2h2v-1.5ZM8 12v-1.5h2a.5.5 0 0 0 .5-.5V8H12v2a2 2 0 0 1-2 2H8Zm2-12a2 2 0 0 1 2 2v2h-1.5V2a.5.5 0 0 0-.5-.5H8V0h2Z\" \/>\n\t\t\t<\/svg>\n\t\t<\/button><\/figure>\n\n\n\n<figure data-wp-context=\"{&quot;imageId&quot;:&quot;69e26a6a10cbd&quot;}\" data-wp-interactive=\"core\/image\" class=\"wp-block-image size-large wp-lightbox-container\"><img loading=\"lazy\" decoding=\"async\" width=\"724\" height=\"1024\" data-wp-class--hide=\"state.isContentHidden\" data-wp-class--show=\"state.isContentVisible\" data-wp-init=\"callbacks.setButtonStyles\" data-wp-on-async--click=\"actions.showLightbox\" data-wp-on-async--load=\"callbacks.setButtonStyles\" data-wp-on-async-window--resize=\"callbacks.setButtonStyles\" data-id=\"3116\" src=\"http:\/\/parafiakostow.pl\/wp-content\/uploads\/2025\/06\/misje-2-724x1024.jpg\" alt=\"\" class=\"wp-image-3116\" srcset=\"http:\/\/parafiakostow.pl\/wp-content\/uploads\/2025\/06\/misje-2-724x1024.jpg 724w, http:\/\/parafiakostow.pl\/wp-content\/uploads\/2025\/06\/misje-2-212x300.jpg 212w, http:\/\/parafiakostow.pl\/wp-content\/uploads\/2025\/06\/misje-2-768x1086.jpg 768w, http:\/\/parafiakostow.pl\/wp-content\/uploads\/2025\/06\/misje-2-1086x1536.jpg 1086w, http:\/\/parafiakostow.pl\/wp-content\/uploads\/2025\/06\/misje-2.jpg 1448w\" sizes=\"auto, (max-width: 724px) 100vw, 724px\" \/><button\n\t\t\tclass=\"lightbox-trigger\"\n\t\t\ttype=\"button\"\n\t\t\taria-haspopup=\"dialog\"\n\t\t\taria-label=\"Powi\u0119ksz\"\n\t\t\tdata-wp-init=\"callbacks.initTriggerButton\"\n\t\t\tdata-wp-on-async--click=\"actions.showLightbox\"\n\t\t\tdata-wp-style--right=\"state.imageButtonRight\"\n\t\t\tdata-wp-style--top=\"state.imageButtonTop\"\n\t\t>\n\t\t\t<svg xmlns=\"http:\/\/www.w3.org\/2000\/svg\" width=\"12\" height=\"12\" fill=\"none\" viewBox=\"0 0 12 12\">\n\t\t\t\t<path fill=\"#fff\" d=\"M2 0a2 2 0 0 0-2 2v2h1.5V2a.5.5 0 0 1 .5-.5h2V0H2Zm2 10.5H2a.5.5 0 0 1-.5-.5V8H0v2a2 2 0 0 0 2 2h2v-1.5ZM8 12v-1.5h2a.5.5 0 0 0 .5-.5V8H12v2a2 2 0 0 1-2 2H8Zm2-12a2 2 0 0 1 2 2v2h-1.5V2a.5.5 0 0 0-.5-.5H8V0h2Z\" \/>\n\t\t\t<\/svg>\n\t\t<\/button><\/figure>\n\n\n\n<figure data-wp-context=\"{&quot;imageId&quot;:&quot;69e26a6a11186&quot;}\" data-wp-interactive=\"core\/image\" class=\"wp-block-image size-large wp-lightbox-container\"><img loading=\"lazy\" decoding=\"async\" width=\"724\" height=\"1024\" data-wp-class--hide=\"state.isContentHidden\" data-wp-class--show=\"state.isContentVisible\" data-wp-init=\"callbacks.setButtonStyles\" data-wp-on-async--click=\"actions.showLightbox\" data-wp-on-async--load=\"callbacks.setButtonStyles\" data-wp-on-async-window--resize=\"callbacks.setButtonStyles\" data-id=\"3113\" src=\"http:\/\/parafiakostow.pl\/wp-content\/uploads\/2025\/06\/misje-3-724x1024.jpg\" alt=\"\" class=\"wp-image-3113\" srcset=\"http:\/\/parafiakostow.pl\/wp-content\/uploads\/2025\/06\/misje-3-724x1024.jpg 724w, http:\/\/parafiakostow.pl\/wp-content\/uploads\/2025\/06\/misje-3-212x300.jpg 212w, http:\/\/parafiakostow.pl\/wp-content\/uploads\/2025\/06\/misje-3-768x1087.jpg 768w, http:\/\/parafiakostow.pl\/wp-content\/uploads\/2025\/06\/misje-3-1085x1536.jpg 1085w, http:\/\/parafiakostow.pl\/wp-content\/uploads\/2025\/06\/misje-3.jpg 1447w\" sizes=\"auto, (max-width: 724px) 100vw, 724px\" \/><button\n\t\t\tclass=\"lightbox-trigger\"\n\t\t\ttype=\"button\"\n\t\t\taria-haspopup=\"dialog\"\n\t\t\taria-label=\"Powi\u0119ksz\"\n\t\t\tdata-wp-init=\"callbacks.initTriggerButton\"\n\t\t\tdata-wp-on-async--click=\"actions.showLightbox\"\n\t\t\tdata-wp-style--right=\"state.imageButtonRight\"\n\t\t\tdata-wp-style--top=\"state.imageButtonTop\"\n\t\t>\n\t\t\t<svg xmlns=\"http:\/\/www.w3.org\/2000\/svg\" width=\"12\" height=\"12\" fill=\"none\" viewBox=\"0 0 12 12\">\n\t\t\t\t<path fill=\"#fff\" d=\"M2 0a2 2 0 0 0-2 2v2h1.5V2a.5.5 0 0 1 .5-.5h2V0H2Zm2 10.5H2a.5.5 0 0 1-.5-.5V8H0v2a2 2 0 0 0 2 2h2v-1.5ZM8 12v-1.5h2a.5.5 0 0 0 .5-.5V8H12v2a2 2 0 0 1-2 2H8Zm2-12a2 2 0 0 1 2 2v2h-1.5V2a.5.5 0 0 0-.5-.5H8V0h2Z\" \/>\n\t\t\t<\/svg>\n\t\t<\/button><\/figure>\n\n\n\n<figure data-wp-context=\"{&quot;imageId&quot;:&quot;69e26a6a116b8&quot;}\" data-wp-interactive=\"core\/image\" class=\"wp-block-image size-large wp-lightbox-container\"><img loading=\"lazy\" decoding=\"async\" width=\"724\" height=\"1024\" data-wp-class--hide=\"state.isContentHidden\" data-wp-class--show=\"state.isContentVisible\" data-wp-init=\"callbacks.setButtonStyles\" data-wp-on-async--click=\"actions.showLightbox\" data-wp-on-async--load=\"callbacks.setButtonStyles\" data-wp-on-async-window--resize=\"callbacks.setButtonStyles\" data-id=\"3115\" src=\"http:\/\/parafiakostow.pl\/wp-content\/uploads\/2025\/06\/misje-4-724x1024.jpg\" alt=\"\" class=\"wp-image-3115\" srcset=\"http:\/\/parafiakostow.pl\/wp-content\/uploads\/2025\/06\/misje-4-724x1024.jpg 724w, http:\/\/parafiakostow.pl\/wp-content\/uploads\/2025\/06\/misje-4-212x300.jpg 212w, http:\/\/parafiakostow.pl\/wp-content\/uploads\/2025\/06\/misje-4-768x1087.jpg 768w, http:\/\/parafiakostow.pl\/wp-content\/uploads\/2025\/06\/misje-4-1085x1536.jpg 1085w, http:\/\/parafiakostow.pl\/wp-content\/uploads\/2025\/06\/misje-4.jpg 1447w\" sizes=\"auto, (max-width: 724px) 100vw, 724px\" \/><button\n\t\t\tclass=\"lightbox-trigger\"\n\t\t\ttype=\"button\"\n\t\t\taria-haspopup=\"dialog\"\n\t\t\taria-label=\"Powi\u0119ksz\"\n\t\t\tdata-wp-init=\"callbacks.initTriggerButton\"\n\t\t\tdata-wp-on-async--click=\"actions.showLightbox\"\n\t\t\tdata-wp-style--right=\"state.imageButtonRight\"\n\t\t\tdata-wp-style--top=\"state.imageButtonTop\"\n\t\t>\n\t\t\t<svg xmlns=\"http:\/\/www.w3.org\/2000\/svg\" width=\"12\" height=\"12\" fill=\"none\" viewBox=\"0 0 12 12\">\n\t\t\t\t<path fill=\"#fff\" d=\"M2 0a2 2 0 0 0-2 2v2h1.5V2a.5.5 0 0 1 .5-.5h2V0H2Zm2 10.5H2a.5.5 0 0 1-.5-.5V8H0v2a2 2 0 0 0 2 2h2v-1.5ZM8 12v-1.5h2a.5.5 0 0 0 .5-.5V8H12v2a2 2 0 0 1-2 2H8Zm2-12a2 2 0 0 1 2 2v2h-1.5V2a.5.5 0 0 0-.5-.5H8V0h2Z\" \/>\n\t\t\t<\/svg>\n\t\t<\/button><\/figure>\n<\/figure>\n\n\n\n<p class=\"has-text-align-center\"><\/p>\n\n\n\n<div class=\"wp-block-cover\" style=\"min-height:100vh;aspect-ratio:unset;\"><img loading=\"lazy\" decoding=\"async\" width=\"283\" height=\"600\" class=\"wp-block-cover__image-background wp-image-2535\" alt=\"\" src=\"http:\/\/parafiakostow.pl\/wp-content\/uploads\/2023\/08\/AUGUSTYN-1.jpeg\" style=\"object-position:42% 11%\" data-object-fit=\"cover\" data-object-position=\"42% 11%\" srcset=\"http:\/\/parafiakostow.pl\/wp-content\/uploads\/2023\/08\/AUGUSTYN-1.jpeg 283w, http:\/\/parafiakostow.pl\/wp-content\/uploads\/2023\/08\/AUGUSTYN-1-142x300.jpeg 142w\" sizes=\"auto, (max-width: 283px) 100vw, 283px\" \/><span aria-hidden=\"true\" class=\"wp-block-cover__background has-background-dim\"><\/span><div class=\"wp-block-cover__inner-container is-layout-flow wp-block-cover-is-layout-flow\">\n<p><\/p>\n\n\n\n<p><\/p>\n\n\n\n<p><\/p>\n\n\n\n<p><\/p>\n\n\n\n<p><\/p>\n\n\n\n<p><\/p>\n\n\n\n<p><\/p>\n\n\n\n<p><\/p>\n\n\n\n<p><\/p>\n\n\n\n<p class=\"has-text-align-center has-large-font-size\">\u015awi\u0119ty Augustynie <\/p>\n\n\n\n<p class=\"has-text-align-center has-large-font-size\">&#8211; m\u00f3dl si\u0119 za nami  <\/p>\n<\/div><\/div>\n","protected":false},"excerpt":{"rendered":"<p>Wa\u017cne wydarzenia w nadchodz\u0105cym czasie: Og\u0142oszenia parafialne: 1. Uroczysto\u015b\u0107 Mi\u0142osierdzia Bo\u017cegoDzi\u015b o godz. 18:00 odb\u0119dzie si\u0119 wyj\u0105tkowe wydarzenie w naszej parafii.B\u0119dziemy go\u015bci\u0107 ksi\u0119dza biskupa \u0141ukasza Buzuna, kt\u00f3ry dokona po\u015bwi\u0119cenia nowego miejsca \u2013 \u201e\u0179r\u00f3d\u0142a Mi\u0142osierdzia\u201d. Po\u015bwi\u0119cone zostan\u0105: Niech to miejsce stanie &hellip; <a href=\"http:\/\/parafiakostow.pl\/?page_id=23\">Czytaj dalej <span class=\"meta-nav\">&rarr;<\/span><\/a><\/p>\n","protected":false},"author":1,"featured_media":0,"parent":0,"menu_order":0,"comment_status":"closed","ping_status":"closed","template":"","meta":{"_lmt_disableupdate":"no","_lmt_disable":"","footnotes":""},"class_list":["post-23","page","type-page","status-publish","hentry"],"_links":{"self":[{"href":"http:\/\/parafiakostow.pl\/index.php?rest_route=\/wp\/v2\/pages\/23","targetHints":{"allow":["GET"]}}],"collection":[{"href":"http:\/\/parafiakostow.pl\/index.php?rest_route=\/wp\/v2\/pages"}],"about":[{"href":"http:\/\/parafiakostow.pl\/index.php?rest_route=\/wp\/v2\/types\/page"}],"author":[{"embeddable":true,"href":"http:\/\/parafiakostow.pl\/index.php?rest_route=\/wp\/v2\/users\/1"}],"replies":[{"embeddable":true,"href":"http:\/\/parafiakostow.pl\/index.php?rest_route=%2Fwp%2Fv2%2Fcomments&post=23"}],"version-history":[{"count":492,"href":"http:\/\/parafiakostow.pl\/index.php?rest_route=\/wp\/v2\/pages\/23\/revisions"}],"predecessor-version":[{"id":3348,"href":"http:\/\/parafiakostow.pl\/index.php?rest_route=\/wp\/v2\/pages\/23\/revisions\/3348"}],"wp:attachment":[{"href":"http:\/\/parafiakostow.pl\/index.php?rest_route=%2Fwp%2Fv2%2Fmedia&parent=23"}],"curies":[{"name":"wp","href":"https:\/\/api.w.org\/{rel}","templated":true}]}}